{"id":809,"date":"2020-09-10T21:45:53","date_gmt":"2020-09-10T21:45:53","guid":{"rendered":"http:\/\/boxofficeco.wpengine.com\/?page_id=809"},"modified":"2023-03-27T16:56:59","modified_gmt":"2023-03-27T16:56:59","slug":"live-sessions","status":"publish","type":"page","link":"https:\/\/company.boxoffice.com\/france\/live-sessions\/","title":{"rendered":"Live Sessions"},"content":{"rendered":"<p><div class=\"fusion-fullwidth fullwidth-box fusion-builder-row-1 fusion-flex-container nonhundred-percent-fullwidth non-hundred-percent-height-scrolling fusion-no-small-visibility fusion-no-medium-visibility\" style=\"--awb-border-radius-top-left:0px;--awb-border-radius-top-right:0px;--awb-border-radius-bottom-right:0px;--awb-border-radius-bottom-left:0px;--awb-flex-wrap:wrap;\" ><div class=\"fusion-builder-row fusion-row fusion-flex-align-items-flex-start fusion-flex-justify-content-center fusion-flex-content-wrap\" style=\"max-width:1144px;margin-left: calc(-4% \/ 2 );margin-right: calc(-4% \/ 2 );\"><div class=\"fusion-layout-column fusion_builder_column fusion-builder-column-0 fusion_builder_column_1_3 1_3 fusion-flex-column\" style=\"--awb-bg-size:cover;--awb-width-large:33.3333333333%;--awb-margin-top-large:25px;--awb-spacing-right-large:5.76%;--awb-margin-bottom-large:25px;--awb-spacing-left-large:5.76%;--awb-width-medium:40%;--awb-order-medium:0;--awb-spacing-right-medium:4.8%;--awb-spacing-left-medium:4.8%;--awb-width-small:100%;--awb-order-small:0;--awb-spacing-right-small:1.92%;--awb-spacing-left-small:1.92%;\"><div class=\"fusion-column-wrapper fusion-column-has-shadow fusion-flex-justify-content-flex-start fusion-content-layout-column\"><div class=\"fusion-image-element \" style=\"--awb-caption-title-font-family:var(--h2_typography-font-family);--awb-caption-title-font-weight:var(--h2_typography-font-weight);--awb-caption-title-font-style:var(--h2_typography-font-style);--awb-caption-title-size:var(--h2_typography-font-size);--awb-caption-title-transform:var(--h2_typography-text-transform);--awb-caption-title-line-height:var(--h2_typography-line-height);--awb-caption-title-letter-spacing:var(--h2_typography-letter-spacing);\"><span class=\" fusion-imageframe imageframe-none imageframe-1 hover-type-none\"><img decoding=\"async\" width=\"300\" height=\"300\" alt=\"Boxoffice Live Sessions\" title=\"LS red\" data-src=\"https:\/\/boxofficeco.wpengine.com\/wp-content\/uploads\/sites\/5\/2020\/11\/LS-red-300x300.png\" class=\"img-responsive wp-image-1054 lazyload\" data-srcset=\"https:\/\/company.boxoffice.com\/france\/wp-content\/uploads\/sites\/5\/2020\/11\/LS-red-200x200.png 200w, https:\/\/company.boxoffice.com\/france\/wp-content\/uploads\/sites\/5\/2020\/11\/LS-red-400x400.png 400w, https:\/\/company.boxoffice.com\/france\/wp-content\/uploads\/sites\/5\/2020\/11\/LS-red-600x600.png 600w, https:\/\/company.boxoffice.com\/france\/wp-content\/uploads\/sites\/5\/2020\/11\/LS-red-800x800.png 800w, https:\/\/company.boxoffice.com\/france\/wp-content\/uploads\/sites\/5\/2020\/11\/LS-red-1200x1200.png 1200w, https:\/\/company.boxoffice.com\/france\/wp-content\/uploads\/sites\/5\/2020\/11\/LS-red.png 3264w\" data-sizes=\"(max-width: 1024px) 100vw, (max-width: 640px) 100vw, 400px\" src=\"data:image\/svg+xml;base64,PHN2ZyB3aWR0aD0iMSIgaGVpZ2h0PSIxIiB4bWxucz0iaHR0cDovL3d3dy53My5vcmcvMjAwMC9zdmciPjwvc3ZnPg==\" style=\"--smush-placeholder-width: 300px; --smush-placeholder-aspect-ratio: 300\/300;\" \/><\/span><\/div><\/div><\/div><div class=\"fusion-layout-column fusion_builder_column fusion-builder-column-1 fusion_builder_column_2_3 2_3 fusion-flex-column\" style=\"--awb-bg-size:cover;--awb-width-large:66.6666666667%;--awb-margin-top-large:25px;--awb-spacing-right-large:2.88%;--awb-margin-bottom-large:25px;--awb-spacing-left-large:2.88%;--awb-width-medium:40%;--awb-order-medium:0;--awb-spacing-right-medium:4.8%;--awb-spacing-left-medium:4.8%;--awb-width-small:100%;--awb-order-small:0;--awb-spacing-right-small:1.92%;--awb-spacing-left-small:1.92%;\"><div class=\"fusion-column-wrapper fusion-column-has-shadow fusion-flex-justify-content-flex-start fusion-content-layout-column\"><div class=\"fusion-text fusion-text-1\"><p>Les Live Sessions Boxoffice sont des conf\u00e9rences en ligne pour les professionnels de l&rsquo;industrie. Certaines couvrent des sujets sp\u00e9cifiques de marketing digital, comme par exemple \u00ab\u00a0Quels sont les indicateurs de performance du ticketing en ligne ?\u00a0\u00bb ou \u00ab\u00a0Comment les r\u00e9seaux sociaux comme TikTok et Instagram sont en train de changer les habitudes des jeunes spectateurs ?\u00a0\u00bb. D&rsquo;autres conf\u00e9rences sont propos\u00e9es par nos coll\u00e8gues de Boxoffice Pro et s&rsquo;int\u00e9ressent \u00e0 des sujets plus globaux comme les strat\u00e9gies de r\u00e9-ouverture \u00e0 l&rsquo;international. Enfin, certaines sessions sont organis\u00e9es avec des panels de professionnels et de partenaires de l&rsquo;industrie comme UNIC.<br \/>\nRetrouvez les sessions pass\u00e9es et \u00e0 venir ci dessous. Si vous souhaitez obtenir un enregistrement d&rsquo;une session pass\u00e9e qui n&rsquo;est pas disponible ici, <a href=\"https:\/\/company.boxoffice.com\/france\/contactez-nous\/\">envoyez-nous un message<\/a> !<\/p>\n<\/div><\/div><\/div><\/div><\/div><div class=\"fusion-fullwidth fullwidth-box fusion-builder-row-2 fusion-flex-container nonhundred-percent-fullwidth non-hundred-percent-height-scrolling\" style=\"--awb-border-radius-top-left:0px;--awb-border-radius-top-right:0px;--awb-border-radius-bottom-right:0px;--awb-border-radius-bottom-left:0px;--awb-flex-wrap:wrap;\" ><div class=\"fusion-builder-row fusion-row fusion-flex-align-items-flex-start fusion-flex-content-wrap\" style=\"max-width:1144px;margin-left: calc(-4% \/ 2 );margin-right: calc(-4% \/ 2 );\"><div class=\"fusion-layout-column fusion_builder_column fusion-builder-column-2 fusion_builder_column_1_1 1_1 fusion-flex-column\" style=\"--awb-bg-size:cover;--awb-width-large:100%;--awb-margin-top-large:25px;--awb-spacing-right-large:1.92%;--awb-margin-bottom-large:25px;--awb-spacing-left-large:1.92%;--awb-width-medium:100%;--awb-order-medium:0;--awb-spacing-right-medium:1.92%;--awb-spacing-left-medium:1.92%;--awb-width-small:100%;--awb-order-small:0;--awb-spacing-right-small:1.92%;--awb-spacing-left-small:1.92%;\"><div class=\"fusion-column-wrapper fusion-column-has-shadow fusion-flex-justify-content-flex-start fusion-content-layout-column\"><\/div><\/div><\/div><\/div><\/p>\n","protected":false},"excerpt":{"rendered":"","protected":false},"author":3,"featured_media":0,"parent":0,"menu_order":0,"comment_status":"closed","ping_status":"closed","template":"","meta":{"content-type":"","footnotes":""},"class_list":["post-809","page","type-page","status-publish","hentry"],"_links":{"self":[{"href":"https:\/\/company.boxoffice.com\/france\/wp-json\/wp\/v2\/pages\/809","targetHints":{"allow":["GET"]}}],"collection":[{"href":"https:\/\/company.boxoffice.com\/france\/wp-json\/wp\/v2\/pages"}],"about":[{"href":"https:\/\/company.boxoffice.com\/france\/wp-json\/wp\/v2\/types\/page"}],"author":[{"embeddable":true,"href":"https:\/\/company.boxoffice.com\/france\/wp-json\/wp\/v2\/users\/3"}],"replies":[{"embeddable":true,"href":"https:\/\/company.boxoffice.com\/france\/wp-json\/wp\/v2\/comments?post=809"}],"version-history":[{"count":0,"href":"https:\/\/company.boxoffice.com\/france\/wp-json\/wp\/v2\/pages\/809\/revisions"}],"wp:attachment":[{"href":"https:\/\/company.boxoffice.com\/france\/wp-json\/wp\/v2\/media?parent=809"}],"curies":[{"name":"wp","href":"https:\/\/api.w.org\/{rel}","templated":true}]}}